03725 and 8129?
739
Calculate the highest common divisor of 1960 and 5244365.
35
Calculate the greatest common factor of 11011515 and 84735.
4035
What is the highest common divisor of 604 and 9761848?
604
Calculate the greatest common factor of 129458432 and 512.
256
Calculate the greatest common factor of 22 and 2291543419.
11
Calculate the highest common divisor of 1717 and 6479453.
101
Calculate the greatest common divisor of 12164 and 1128.
4
What is the highest common divisor of 526932 and 214704?
756
Calculate the highest common divisor of 427 and 17307042.
61
Calculate the greatest common divisor of 4389 and 1126587.
231
What is the highest common factor of 315 and 1201788?
63
What is the greatest common factor of 184856 and 11193691?
3301
What is the greatest common divisor of 52718 and 601966?
1226
Calculate the highest common factor of 9779634 and 234.
18
What is the highest common divisor of 98 and 24728095?
49
Calculate the highest common factor of 6146620 and 10030.
590
What is the greatest common divisor of 1159 and 170404293?
1159
What is the highest common factor of 53570938 and 1003?
59
What is the highest common factor of 55794869 and 52?
13
What is the greatest common divisor of 1974849 and 966?
69
What is the greatest common factor of 75783515 and 6920?
865
Calculate the highest common factor of 216 and 1122768.
216
What is the highest common divisor of 415167489 and 1683?
1683
What is the highest common divisor of 176 and 29586788?
44
What is the highest common factor of 45802490 and 606?
202
What is the highest common factor of 1292 and 9809187?
323
What is the greatest common factor of 5 and 238312?
1
What is the highest common divisor of 5910463 and 143?
13
Calculate the greatest common divisor of 855 and 5866915.
95
Calculate the greatest common divisor of 2279561 and 11496.
479
Calculate the greatest common factor of 851 and 528562057.
851
What is the greatest common divisor of 128628750 and 125?
125
Calculate the greatest common divisor of 57 and 1383979.
19
What is the greatest common divisor of 12 and 1371506142?
6
What is the greatest common factor of 56313 and 39?
3
Calculate the greatest common divisor of 182 and 1028470079.
91
Calculate the greatest common factor of 4784 and 13902488.
184
Calculate the greatest common divisor of 143 and 158060617.
143
What is the highest common divisor of 260 and 20708680?
20
Calculate the greatest common divisor of 61828 and 1485380.
1508
Calculate the highest common divisor of 2319605476 and 376.
188
Calculate the highest common factor of 6639 and 67821811.
2213
What is the highest common divisor of 1632 and 5215296?
96
What is the highest common factor of 540 and 5579010?
270
What is the greatest common factor of 10492386 and 7512?
1878
Calculate the greatest common divisor of 7 and 5300491.
7
What is the greatest common divisor of 7158433 and 284?
71
Calculate the greatest common factor of 167678323 and 394.
197
What is the highest common factor of 544 and 10369252?
68
Calculate the greatest common factor of 160 and 45490240.
160
What is the highest common factor of 1484 and 858696937?
371
Calculate the highest common factor of 7036752 and 3.
3
What is the greatest common divisor of 141 and 762189459?
141
Calculate the highest common divisor of 263876720 and 4080.
1360
Calculate the greatest common divisor of 129184 and 989432.
2936
Calculate the highest common divisor of 528 and 7981908.
132
What is the greatest common divisor of 2350 and 505062?
94
What is the highest common factor of 143289840 and 6?
6
Calculate the greatest common factor of 118193717 and 619.
619
Calculate the highest common factor of 12168 and 2515851.
117
Calculate the greatest common divisor of 11281195 and 4040.
505
What is the highest common factor of 812090 and 73622?
562
Calculate the greatest common divisor of 120515640 and 21.
21
What is the highest common divisor of 6124599 and 351?
351
What is the greatest common divisor of 562626 and 4530?
906
What is the greatest common divisor of 82 and 2581221256?
82
Calculate the greatest common divisor of 80040 and 22185.
435
Calculate the greatest common factor of 24437870 and 170.
10
Calculate the greatest common divisor of 66848 and 96752.
16
What is the greatest common divisor of 29051 and 181?
1
What is the greatest common factor of 1309 and 8570331?
77
What is the greatest common divisor of 2096441 and 19?
19
Calculate the greatest common factor of 155270235 and 60.
15
Calculate the greatest common divisor of 144258 and 262.
2
What is the greatest common factor of 121503 and 19248?
1203
Calculate the greatest common factor of 18 and 541989.
9
What is the highest common divisor of 3200 and 67330240?
320
Calculate the greatest common factor of 2126101955 and 185.
185
What is the highest common divisor of 237 and 1422258?
3
What is the greatest common factor of 605163 and 413?
59
What is the greatest common divisor of 32 and 660847480?
8
What is the highest common factor of 3218383 and 1085?
7
Calculate the highest common factor of 406 and 8713334.
14
What is the greatest common factor of 3328684 and 12?
4
Calculate the greatest common divisor of 403394 and 12322.
202
Calculate the highest common factor of 221 and 9222993.
221
Calculate the greatest common divisor of 76864 and 8129569.
1201
What is the highest common factor of 2600 and 1015658800?
2600
What is the greatest common factor of 579050 and 3811?
37
Calculate the highest common factor of 1495931 and 254483.
173
Calculate the greatest common factor of 795301 and 692094.
6071
What is the greatest common divisor of 1140 and 6324055?
95
Calculate the greatest common factor of 130746 and 363.
33
Calculate the highest common factor of 1952 and 1646024.
488
Calculate the highest common divisor of 2 and 13246788.
2
What is the highest common divisor of 88251 and 20969205?
3837
What is the highest common factor of 65224 and 1690301?
263
What is the highest common divisor of 2740 and 19096430?
1370
What is the greatest common divisor of 1548 and 17002544?
172
What is the greatest common factor of 16306110 and 5?
5
What is the greatest common divisor of 42 and 178014?
6
Calculate the greatest common factor of 412 and 12803106.
206
Calculate the greatest common factor of 594 and 39843408.
66
Calculate the highest common factor of 56 and 775103.
7
What is the greatest common factor of 8694916 and 12?
4
What is the highest common divisor of 98 and 262966193?
49
Calculate the greatest common divisor of 8 and 3112184.
8
Calculate the highest common divisor of 313032288 and 59.
59
What is the highest common divisor of 4680 and 19077435?
585
What is the greatest common divisor of 24518 and 48261018?
1066
Calculate the highest common divisor of 1584 and 14369256.
792
What is the greatest common divisor of 3296664 and 4536?
504
What is the highest common factor of 329 and 806519?
7
What is the highest common divisor of 107143090 and 874?
38
Calculate the greatest common divisor of 74952 and 353160.
216
What is the highest common factor of 76235 and 244505?
395
What is the greatest common factor of 131406 and 5452806?
1086
Calculate the highest common factor of 2856 and 487697.
7
Calculate the greatest common factor of 900 and 13055100.
300
What is the greatest common divisor of 3379031 and 4061?
31
Calculate the greatest common factor of 807763 and 275.
11
What is the greatest common divisor of 6264 and 313335?
27
What is the greatest common factor of 20256 and 1738851?
633
Calculate the greatest common factor of 129490 and 549930.
230
Calculate the highest common divisor of 1399728783 and 1509.
1509
What is the highest common factor of 2960 and 22995870?
370
Calculate the highest common factor of 116467 and 11098.
31
Calculate the highest common factor of 7920696 and 168.
168
What is the highest common factor of 20484774 and 3204?
1602
Calculate the highest common factor of 85435 and 44730.
35
What is the greatest common divisor of 932287 and 41339?
617
What is the highest common divisor of 836 and 12407?
19
What is the greatest common divisor of 200 and 2168770?
10
Calculate the highest common divisor of 21858032 and 119.
7
What is the greatest common divisor of 1920 and 115554720?
480
Calculate the hig